{"id":415,"date":"2025-09-16T00:16:33","date_gmt":"2025-09-16T00:16:33","guid":{"rendered":"https:\/\/kristinsilm.eu\/?page_id=415"},"modified":"2025-09-28T22:53:00","modified_gmt":"2025-09-28T22:53:00","slug":"opime-mangides-kuidas-rahe-tekib","status":"publish","type":"page","link":"https:\/\/kristinsilm.eu\/eng\/opime-mangides-kuidas-rahe-tekib\/","title":{"rendered":"Learning through play \u2013 How does hail form?"},"content":{"rendered":"<div data-elementor-type=\"wp-page\" data-elementor-id=\"415\" class=\"elementor elementor-415\" data-elementor-post-type=\"page\">\n\t\t\t\t<div class=\"elementor-element elementor-element-1ca4fd1 e-flex e-con-boxed e-con e-parent\" data-id=\"1ca4fd1\" data-element_type=\"container\">\n\t\t\t\t\t<div class=\"e-con-inner\">\n\t\t<div class=\"elementor-element elementor-element-0fd5216 e-con-full e-flex e-con e-child\" data-id=\"0fd5216\" data-element_type=\"container\">\n\t\t<div class=\"elementor-element elementor-element-4cf9e67 e-con-full e-flex e-con e-child\" data-id=\"4cf9e67\" data-element_type=\"container\">\n\t\t<div class=\"elementor-element elementor-element-62337e3 e-con-full e-flex e-con e-child\" data-id=\"62337e3\" data-element_type=\"container\">\n\t\t\t\t<div class=\"elementor-element elementor-element-0ed1e7b elementor-widget elementor-widget-text-editor\" data-id=\"0ed1e7b\" data-element_type=\"widget\" data-widget_type=\"text-editor.default\">\n\t\t\t\t\t\t\t\t\t<p>Game design \u2502 2023<\/p>\t\t\t\t\t\t\t\t<\/div>\n\t\t\t\t<div class=\"elementor-element elementor-element-9c89316 elementor-widget elementor-widget-text-editor\" data-id=\"9c89316\" data-element_type=\"widget\" data-widget_type=\"text-editor.default\">\n\t\t\t\t\t\t\t\t\t<p><strong>Learning through play \u2013 How does hail form?<\/strong><\/p>\t\t\t\t\t\t\t\t<\/div>\n\t\t\t\t<\/div>\n\t\t<div class=\"elementor-element elementor-element-f5bb4f2 e-con-full e-flex e-con e-child\" data-id=\"f5bb4f2\" data-element_type=\"container\">\n\t\t<div class=\"elementor-element elementor-element-114ed10 e-con-full e-flex e-con e-child\" data-id=\"114ed10\" data-element_type=\"container\">\n\t\t\t\t<div class=\"elementor-element elementor-element-dfb5133 elementor-widget elementor-widget-text-editor\" data-id=\"dfb5133\" data-element_type=\"widget\" data-widget_type=\"text-editor.default\">\n\t\t\t\t\t\t\t\t\t<p class=\"translation-block\">The Natural History Museum gave a task to create an educational game for their exhibition <span style=\"background-color: #1854af\">\"Dangerous Weather Phenomena in Estonia.\"<\/span> When creating the game, I decided to focus on <span style=\"background-color: #1854af\">hail<\/span>. More specifically, how it forms and what damage it can cause.<\/p><p>\u00a0<\/p><p>Most people are unaware that hail is a damaging weather phenomenon that is becoming more frequent. Larger hailstones can, for example damage vehicles, and in the worst-case scenario, hail can cause physical injury to people.<\/p>\t\t\t\t\t\t\t\t<\/div>\n\t\t\t\t<\/div>\n\t\t<div class=\"elementor-element elementor-element-78b3ed1 e-con-full e-flex e-con e-child\" data-id=\"78b3ed1\" data-element_type=\"container\">\n\t\t<div class=\"elementor-element elementor-element-625d2e2 e-con-full e-flex e-con e-child\" data-id=\"625d2e2\" data-element_type=\"container\">\n\t\t<div class=\"elementor-element elementor-element-c7ce750 e-con-full e-flex e-con e-child\" data-id=\"c7ce750\" data-element_type=\"container\">\n\t\t\t\t<div class=\"elementor-element elementor-element-badc863 elementor-widget elementor-widget-text-editor\" data-id=\"badc863\" data-element_type=\"widget\" data-widget_type=\"text-editor.default\">\n\t\t\t\t\t\t\t\t\t<p>Supervisor<\/p>\t\t\t\t\t\t\t\t<\/div>\n\t\t\t\t<div class=\"elementor-element elementor-element-b3e3ada elementor-widget elementor-widget-text-editor\" data-id=\"b3e3ada\" data-element_type=\"widget\" data-widget_type=\"text-editor.default\">\n\t\t\t\t\t\t\t\t\t<p>Rene Rebane<\/p>\t\t\t\t\t\t\t\t<\/div>\n\t\t\t\t<\/div>\n\t\t\t\t<\/div>\n\t\t<div class=\"elementor-element elementor-element-0fe37af e-con-full e-flex e-con e-child\" data-id=\"0fe37af\" data-element_type=\"container\">\n\t\t<div class=\"elementor-element elementor-element-39781d8 e-con-full e-flex e-con e-child\" data-id=\"39781d8\" data-element_type=\"container\">\n\t\t\t\t<div class=\"elementor-element elementor-element-8bf220a elementor-widget elementor-widget-text-editor\" data-id=\"8bf220a\" data-element_type=\"widget\" data-widget_type=\"text-editor.default\">\n\t\t\t\t\t\t\t\t\t<p>Time<\/p>\t\t\t\t\t\t\t\t<\/div>\n\t\t\t\t<div class=\"elementor-element elementor-element-8a673d4 elementor-widget elementor-widget-text-editor\" data-id=\"8a673d4\" data-element_type=\"widget\" data-widget_type=\"text-editor.default\">\n\t\t\t\t\t\t\t\t\t<p>Feb 2023 \u2013 May 2023<\/p>\t\t\t\t\t\t\t\t<\/div>\n\t\t\t\t<\/div>\n\t\t\t\t<\/div>\n\t\t\t\t<\/div>\n\t\t\t\t<\/div>\n\t\t\t\t<\/div>\n\t\t<div class=\"elementor-element elementor-element-3c8aff7 e-con-full e-flex e-con e-child\" data-id=\"3c8aff7\" data-element_type=\"container\">\n\t\t<div class=\"elementor-element elementor-element-3e08848 e-con-full e-flex e-con e-child\" data-id=\"3e08848\" data-element_type=\"container\">\n\t\t\t\t<div class=\"elementor-element elementor-element-17063ba elementor-widget elementor-widget-image\" data-id=\"17063ba\" data-element_type=\"widget\" data-widget_type=\"image.default\">\n\t\t\t\t\t\t\t\t\t\t\t\t\t\t\t<img fetchpriority=\"high\" decoding=\"async\" width=\"800\" height=\"680\" src=\"https:\/\/kristinsilm.eu\/wp-content\/uploads\/2025\/09\/rahe-illukas-1024x870.webp\" class=\"attachment-large size-large wp-image-382\" alt=\"\" srcset=\"https:\/\/kristinsilm.eu\/wp-content\/uploads\/2025\/09\/rahe-illukas-1024x870.webp 1024w, https:\/\/kristinsilm.eu\/wp-content\/uploads\/2025\/09\/rahe-illukas-300x255.webp 300w, https:\/\/kristinsilm.eu\/wp-content\/uploads\/2025\/09\/rahe-illukas-768x653.webp 768w, https:\/\/kristinsilm.eu\/wp-content\/uploads\/2025\/09\/rahe-illukas-1536x1305.webp 1536w, https:\/\/kristinsilm.eu\/wp-content\/uploads\/2025\/09\/rahe-illukas-14x12.webp 14w, https:\/\/kristinsilm.eu\/wp-content\/uploads\/2025\/09\/rahe-illukas.webp 1630w\" sizes=\"(max-width: 800px) 100vw, 800px\" \/>\t\t\t\t\t\t\t\t\t\t\t\t\t\t\t<\/div>\n\t\t\t\t<\/div>\n\t\t\t\t<\/div>\n\t\t\t\t<\/div>\n\t\t\t\t\t<\/div>\n\t\t\t\t<\/div>\n\t\t<div class=\"elementor-element elementor-element-25c793f e-flex e-con-boxed e-con e-parent\" data-id=\"25c793f\" data-element_type=\"container\">\n\t\t\t\t\t<div class=\"e-con-inner\">\n\t\t<div class=\"elementor-element elementor-element-0aee7a1 e-con-full e-flex e-con e-child\" data-id=\"0aee7a1\" data-element_type=\"container\">\n\t\t\t\t<div class=\"elementor-element elementor-element-ddb8573 elementor-widget elementor-widget-n-accordion\" data-id=\"ddb8573\" data-element_type=\"widget\" data-settings=\"{&quot;max_items_expended&quot;:&quot;multiple&quot;,&quot;default_state&quot;:&quot;expanded&quot;,&quot;n_accordion_animation_duration&quot;:{&quot;unit&quot;:&quot;ms&quot;,&quot;size&quot;:400,&quot;sizes&quot;:[]}}\" data-widget_type=\"nested-accordion.default\">\n\t\t\t\t\t\t\t<div class=\"e-n-accordion\" aria-label=\"Accordion. Open links with Enter or Space, close with Escape, and navigate with Arrow Keys\">\n\t\t\t\t\t\t<details id=\"e-n-accordion-item-2320\" class=\"e-n-accordion-item\" open>\n\t\t\t\t<summary class=\"e-n-accordion-item-title\" data-accordion-index=\"1\" tabindex=\"0\" aria-expanded=\"true\" aria-controls=\"e-n-accordion-item-2320\" >\n\t\t\t\t\t<span class='e-n-accordion-item-title-header'><div class=\"e-n-accordion-item-title-text\"> Game <\/div><\/span>\n\t\t\t\t\t\t\t<span class='e-n-accordion-item-title-icon'>\n\t\t\t<span class='e-opened' ><svg aria-hidden=\"true\" class=\"e-font-icon-svg e-fas-chevron-down\" viewbox=\"0 0 448 512\" xmlns=\"http:\/\/www.w3.org\/2000\/svg\"><path d=\"M207.029 381.476L12.686 187.132c-9.373-9.373-9.373-24.569 0-33.941l22.667-22.667c9.357-9.357 24.522-9.375 33.901-.04L224 284.505l154.745-154.021c9.379-9.335 24.544-9.317 33.901.04l22.667 22.667c9.373 9.373 9.373 24.569 0 33.941L240.971 381.476c-9.373 9.372-24.569 9.372-33.942 0z\"><\/path><\/svg><\/span>\n\t\t\t<span class='e-closed'><svg aria-hidden=\"true\" class=\"e-font-icon-svg e-fas-chevron-right\" viewbox=\"0 0 320 512\" xmlns=\"http:\/\/www.w3.org\/2000\/svg\"><path d=\"M285.476 272.971L91.132 467.314c-9.373 9.373-24.569 9.373-33.941 0l-22.667-22.667c-9.357-9.357-9.375-24.522-.04-33.901L188.505 256 34.484 101.255c-9.335-9.379-9.317-24.544.04-33.901l22.667-22.667c9.373-9.373 24.569-9.373 33.941 0L285.475 239.03c9.373 9.372 9.373 24.568.001 33.941z\"><\/path><\/svg><\/span>\n\t\t<\/span>\n\n\t\t\t\t\t\t<\/summary>\n\t\t\t\t<div role=\"region\" aria-labelledby=\"e-n-accordion-item-2320\" class=\"elementor-element elementor-element-b68a1a6 e-con-full e-flex e-con e-child\" data-id=\"b68a1a6\" data-element_type=\"container\">\n\t\t<div role=\"region\" aria-labelledby=\"e-n-accordion-item-2320\" class=\"elementor-element elementor-element-f51cdf2 e-flex e-con-boxed e-con e-child\" data-id=\"f51cdf2\" data-element_type=\"container\">\n\t\t\t\t\t<div class=\"e-con-inner\">\n\t\t<div role=\"region\" aria-labelledby=\"e-n-accordion-item-2320\" class=\"elementor-element elementor-element-43892b9 e-con-full e-flex e-con e-child\" data-id=\"43892b9\" data-element_type=\"container\">\n\t\t\t\t<div class=\"elementor-element elementor-element-c4b07fd elementor-widget elementor-widget-text-editor\" data-id=\"c4b07fd\" data-element_type=\"widget\" data-widget_type=\"text-editor.default\">\n\t\t\t\t\t\t\t\t\t<p class=\"translation-block\">My solution is a game in which museum visitors take on the role of a hail cloud. Their <span style=\"background-color: #1854af\">goal<\/span> is to create the largest hailstones possible. They can achieve this by keeping the hailstones that form during the game in the air for as long as possible using the stompingpads in front of the screen.<\/p>\t\t\t\t\t\t\t\t<\/div>\n\t\t\t\t<div class=\"elementor-element elementor-element-2216252 elementor-widget elementor-widget-image\" data-id=\"2216252\" data-element_type=\"widget\" data-widget_type=\"image.default\">\n\t\t\t\t\t\t\t\t\t\t\t\t\t\t\t<img decoding=\"async\" width=\"800\" height=\"576\" src=\"https:\/\/kristinsilm.eu\/wp-content\/uploads\/2025\/09\/lootsad3.gif\" class=\"attachment-large size-large wp-image-587\" alt=\"\" \/>\t\t\t\t\t\t\t\t\t\t\t\t\t\t\t<\/div>\n\t\t\t\t<div class=\"elementor-element elementor-element-45e68e1 elementor-widget elementor-widget-text-editor\" data-id=\"45e68e1\" data-element_type=\"widget\" data-widget_type=\"text-editor.default\">\n\t\t\t\t\t\t\t\t\t<p class=\"translation-block\">The player stomps on the stompingpads with their foot, imitating the wind that affects the formation of hailstones. The longer the hailstones remain in the air, the larger they become. The <span style=\"background-color: #1854af\">game ends<\/span> when the hailstones become too heavy for the user to keep them in the air.<\/p><p class=\"translation-block\">The same is true in nature: the longer air currents keep hailstones in the air during their formation, the larger and more dangerous they become. At the end of the game, <span style=\"background-color: #1854af\">an animation and text<\/span> appear explaining the damage that the hailstones created by the player can cause.<\/p>\t\t\t\t\t\t\t\t<\/div>\n\t\t\t\t<div class=\"elementor-element elementor-element-da090af elementor-widget elementor-widget-video\" data-id=\"da090af\" data-element_type=\"widget\" data-settings=\"{&quot;video_type&quot;:&quot;hosted&quot;,&quot;loop&quot;:&quot;yes&quot;,&quot;controls&quot;:&quot;yes&quot;}\" data-widget_type=\"video.default\">\n\t\t\t\t\t\t\t<div class=\"e-hosted-video elementor-wrapper elementor-open-inline\">\n\t\t\t\t\t<video class=\"elementor-video\" src=\"https:\/\/kristinsilm.eu\/wp-content\/uploads\/2025\/09\/rahe00003415.mp4\" loop=\"\" controls=\"\" preload=\"metadata\" controlslist=\"nodownload\"><\/video>\n\t\t\t\t<\/div>\n\t\t\t\t\t\t<\/div>\n\t\t\t\t<\/div>\n\t\t<div role=\"region\" aria-labelledby=\"e-n-accordion-item-2320\" class=\"elementor-element elementor-element-81a301d e-con-full elementor-hidden-mobile elementor-hidden-tablet e-flex e-con e-child\" data-id=\"81a301d\" data-element_type=\"container\">\n\t\t\t\t<\/div>\n\t\t\t\t\t<\/div>\n\t\t\t\t<\/div>\n\t\t\t\t<\/div>\n\t\t\t\t\t<\/details>\n\t\t\t\t\t\t<details id=\"e-n-accordion-item-2321\" class=\"e-n-accordion-item\" >\n\t\t\t\t<summary class=\"e-n-accordion-item-title\" data-accordion-index=\"2\" tabindex=\"-1\" aria-expanded=\"false\" aria-controls=\"e-n-accordion-item-2321\" >\n\t\t\t\t\t<span class='e-n-accordion-item-title-header'><div class=\"e-n-accordion-item-title-text\"> Impact <\/div><\/span>\n\t\t\t\t\t\t\t<span class='e-n-accordion-item-title-icon'>\n\t\t\t<span class='e-opened' ><svg aria-hidden=\"true\" class=\"e-font-icon-svg e-fas-chevron-down\" viewbox=\"0 0 448 512\" xmlns=\"http:\/\/www.w3.org\/2000\/svg\"><path d=\"M207.029 381.476L12.686 187.132c-9.373-9.373-9.373-24.569 0-33.941l22.667-22.667c9.357-9.357 24.522-9.375 33.901-.04L224 284.505l154.745-154.021c9.379-9.335 24.544-9.317 33.901.04l22.667 22.667c9.373 9.373 9.373 24.569 0 33.941L240.971 381.476c-9.373 9.372-24.569 9.372-33.942 0z\"><\/path><\/svg><\/span>\n\t\t\t<span class='e-closed'><svg aria-hidden=\"true\" class=\"e-font-icon-svg e-fas-chevron-right\" viewbox=\"0 0 320 512\" xmlns=\"http:\/\/www.w3.org\/2000\/svg\"><path d=\"M285.476 272.971L91.132 467.314c-9.373 9.373-24.569 9.373-33.941 0l-22.667-22.667c-9.357-9.357-9.375-24.522-.04-33.901L188.505 256 34.484 101.255c-9.335-9.379-9.317-24.544.04-33.901l22.667-22.667c9.373-9.373 24.569-9.373 33.941 0L285.475 239.03c9.373 9.372 9.373 24.568.001 33.941z\"><\/path><\/svg><\/span>\n\t\t<\/span>\n\n\t\t\t\t\t\t<\/summary>\n\t\t\t\t<div role=\"region\" aria-labelledby=\"e-n-accordion-item-2321\" class=\"elementor-element elementor-element-c427da7 e-con-full e-flex e-con e-child\" data-id=\"c427da7\" data-element_type=\"container\">\n\t\t<div role=\"region\" aria-labelledby=\"e-n-accordion-item-2321\" class=\"elementor-element elementor-element-162fcc7 e-flex e-con-boxed e-con e-child\" data-id=\"162fcc7\" data-element_type=\"container\">\n\t\t\t\t\t<div class=\"e-con-inner\">\n\t\t<div role=\"region\" aria-labelledby=\"e-n-accordion-item-2321\" class=\"elementor-element elementor-element-f8cd4cf e-con-full e-flex e-con e-child\" data-id=\"f8cd4cf\" data-element_type=\"container\">\n\t\t\t\t<div class=\"elementor-element elementor-element-2d7adbf elementor-widget elementor-widget-text-editor\" data-id=\"2d7adbf\" data-element_type=\"widget\" data-widget_type=\"text-editor.default\">\n\t\t\t\t\t\t\t\t\t<p align=\"left\"><b>Games create a memorable experience, allowing players to retain more information.<\/b><\/p><p>M\u00e4ng \u00f5petab, kuidas rahe tekib, missugust kahju v\u00f5ib rahe teha. K\u00fclastajakogemuse vaatest oli eesm\u00e4rgiks <span style=\"background-color: #1854af;\">mitmekesi m\u00e4ngitavus ja kehaline aktiivsus<\/span> \u2013 et m\u00e4ngijad saaksid liigutada. M\u00e4ngu loomisel seadsin sihiks aktiivselt haarata k\u00fclastajaid tegevusse. Seep\u00e4rast on m\u00e4ngu \u00fcheks p\u00f5hiliseks kontrollimise viisiks l\u00f5\u00f5tsadel h\u00fcppamine. <span style=\"background-color: #1854af;\">L\u00f5\u00f5tsad<\/span> loovad ka parema seose tuule ja m\u00e4ngija vahel. K\u00fclastajat tegevusse haarav m\u00e4ng aitab muuta muuseumi ajaveetmise paigaks \u2013 muuseum pole enam passiivne infopunkt.<\/p>\t\t\t\t\t\t\t\t<\/div>\n\t\t\t\t<\/div>\n\t\t<div role=\"region\" aria-labelledby=\"e-n-accordion-item-2321\" class=\"elementor-element elementor-element-b1d263a e-con-full elementor-hidden-tablet elementor-hidden-mobile e-flex e-con e-child\" data-id=\"b1d263a\" data-element_type=\"container\">\n\t\t\t\t<\/div>\n\t\t\t\t\t<\/div>\n\t\t\t\t<\/div>\n\t\t\t\t<\/div>\n\t\t\t\t\t<\/details>\n\t\t\t\t\t<\/div>\n\t\t\t\t\t\t<\/div>\n\t\t\t\t<\/div>\n\t\t\t\t\t<\/div>\n\t\t\t\t<\/div>\n\t\t<div class=\"elementor-element elementor-element-7ed294f e-flex e-con-boxed e-con e-parent\" data-id=\"7ed294f\" data-element_type=\"container\">\n\t\t\t\t\t<div class=\"e-con-inner\">\n\t\t<div class=\"elementor-element elementor-element-21ed24f e-con-full e-flex e-con e-child\" data-id=\"21ed24f\" data-element_type=\"container\">\n\t\t<div class=\"elementor-element elementor-element-a709d51 e-con-full e-flex e-con e-child\" data-id=\"a709d51\" data-element_type=\"container\">\n\t\t<div class=\"elementor-element elementor-element-98a5c13 e-con-full e-flex e-con e-child\" data-id=\"98a5c13\" data-element_type=\"container\">\n\t\t\t\t<div class=\"elementor-element elementor-element-dda1dbd elementor-widget elementor-widget-text-editor\" data-id=\"dda1dbd\" data-element_type=\"widget\" data-widget_type=\"text-editor.default\">\n\t\t\t\t\t\t\t\t\t<p>Previous project:<\/p>\t\t\t\t\t\t\t\t<\/div>\n\t\t\t\t<div class=\"elementor-element elementor-element-5479737 elementor-widget elementor-widget-button\" data-id=\"5479737\" data-element_type=\"widget\" data-widget_type=\"button.default\">\n\t\t\t\t\t\t\t\t\t\t<a class=\"elementor-button elementor-button-link elementor-size-sm\" href=\"https:\/\/kristinsilm.eu\/eng\/disainmotlemisest-lahtuv-onboarding-swedbankile-sektoriga-investeerima\/\">\n\t\t\t\t\t\t<span class=\"elementor-button-content-wrapper\">\n\t\t\t\t\t\t<span class=\"elementor-button-icon\">\n\t\t\t\t<svg aria-hidden=\"true\" class=\"e-font-icon-svg e-fas-arrow-left\" viewbox=\"0 0 448 512\" xmlns=\"http:\/\/www.w3.org\/2000\/svg\"><path d=\"M257.5 445.1l-22.2 22.2c-9.4 9.4-24.6 9.4-33.9 0L7 273c-9.4-9.4-9.4-24.6 0-33.9L201.4 44.7c9.4-9.4 24.6-9.4 33.9 0l22.2 22.2c9.5 9.5 9.3 25-.4 34.3L136.6 216H424c13.3 0 24 10.7 24 24v32c0 13.3-10.7 24-24 24H136.6l120.5 114.8c9.8 9.3 10 24.8.4 34.3z\"><\/path><\/svg>\t\t\t<\/span>\n\t\t\t\t\t\t\t\t\t<span class=\"elementor-button-text\">Investing with Sektor<\/span>\n\t\t\t\t\t<\/span>\n\t\t\t\t\t<\/a>\n\t\t\t\t\t\t\t\t<\/div>\n\t\t\t\t<\/div>\n\t\t<div class=\"elementor-element elementor-element-dcc1afc e-con-full e-flex e-con e-child\" data-id=\"dcc1afc\" data-element_type=\"container\">\n\t\t\t\t<div class=\"elementor-element elementor-element-dc61b63 elementor-widget elementor-widget-text-editor\" data-id=\"dc61b63\" data-element_type=\"widget\" data-widget_type=\"text-editor.default\">\n\t\t\t\t\t\t\t\t\t<p>Next project:<\/p>\t\t\t\t\t\t\t\t<\/div>\n\t\t\t\t<div class=\"elementor-element elementor-element-828fe55 elementor-widget elementor-widget-button\" data-id=\"828fe55\" data-element_type=\"widget\" data-widget_type=\"button.default\">\n\t\t\t\t\t\t\t\t\t\t<a class=\"elementor-button elementor-button-link elementor-size-sm\" href=\"https:\/\/kristinsilm.eu\/eng\/eesti-viipekeele-oppimise-kattesaadavamaks-muutmine-labi-digitaalse-oppeplatvormi\/\">\n\t\t\t\t\t\t<span class=\"elementor-button-content-wrapper\">\n\t\t\t\t\t\t<span class=\"elementor-button-icon\">\n\t\t\t\t<svg aria-hidden=\"true\" class=\"e-font-icon-svg e-fas-arrow-right\" viewbox=\"0 0 448 512\" xmlns=\"http:\/\/www.w3.org\/2000\/svg\"><path d=\"M190.5 66.9l22.2-22.2c9.4-9.4 24.6-9.4 33.9 0L441 239c9.4 9.4 9.4 24.6 0 33.9L246.6 467.3c-9.4 9.4-24.6 9.4-33.9 0l-22.2-22.2c-9.5-9.5-9.3-25 .4-34.3L311.4 296H24c-13.3 0-24-10.7-24-24v-32c0-13.3 10.7-24 24-24h287.4L190.9 101.2c-9.8-9.3-10-24.8-.4-34.3z\"><\/path><\/svg>\t\t\t<\/span>\n\t\t\t\t\t\t\t\t\t<span class=\"elementor-button-text\">Learning sign language<\/span>\n\t\t\t\t\t<\/span>\n\t\t\t\t\t<\/a>\n\t\t\t\t\t\t\t\t<\/div>\n\t\t\t\t<\/div>\n\t\t\t\t<\/div>\n\t\t<div class=\"elementor-element elementor-element-cfc8717 e-con-full elementor-hidden-mobile elementor-hidden-tablet e-flex e-con e-child\" data-id=\"cfc8717\" data-element_type=\"container\">\n\t\t\t\t<\/div>\n\t\t\t\t<\/div>\n\t\t\t\t\t<\/div>\n\t\t\t\t<\/div>\n\t\t\t\t<\/div>","protected":false},"excerpt":{"rendered":"<p>M\u00e4ngudisain \u2502 2023 \u00d5pime m\u00e4ngides \u2013 Kuidas rahe tekib? Loodusmuuseumi poolt saadud \u00fclesandeks oli luua \u00f5pim\u00e4ng nende n\u00e4itusele &#8220;Ohtlikud ilmastikun\u00e4htused Eestis&#8221;. M\u00e4ngu loomisel otsustasin keskenduda rahele. T\u00e4psemalt, kuidas see tekib ja mis kahju ta v\u00f5ib teha. \u00a0 Enamik inimesi ei teadvusta, et rahe on kahju tektitav ilmastiku n\u00e4htus, mille sagedus tiheneb. Suuremad raheterad v\u00f5ivad kahjustada [&hellip;]<\/p>","protected":false},"author":1,"featured_media":0,"parent":0,"menu_order":0,"comment_status":"closed","ping_status":"closed","template":"","meta":{"inline_featured_image":false,"footnotes":""},"class_list":["post-415","page","type-page","status-publish","hentry"],"_links":{"self":[{"href":"https:\/\/kristinsilm.eu\/eng\/wp-json\/wp\/v2\/pages\/415","targetHints":{"allow":["GET"]}}],"collection":[{"href":"https:\/\/kristinsilm.eu\/eng\/wp-json\/wp\/v2\/pages"}],"about":[{"href":"https:\/\/kristinsilm.eu\/eng\/wp-json\/wp\/v2\/types\/page"}],"author":[{"embeddable":true,"href":"https:\/\/kristinsilm.eu\/eng\/wp-json\/wp\/v2\/users\/1"}],"replies":[{"embeddable":true,"href":"https:\/\/kristinsilm.eu\/eng\/wp-json\/wp\/v2\/comments?post=415"}],"version-history":[{"count":34,"href":"https:\/\/kristinsilm.eu\/eng\/wp-json\/wp\/v2\/pages\/415\/revisions"}],"predecessor-version":[{"id":916,"href":"https:\/\/kristinsilm.eu\/eng\/wp-json\/wp\/v2\/pages\/415\/revisions\/916"}],"wp:attachment":[{"href":"https:\/\/kristinsilm.eu\/eng\/wp-json\/wp\/v2\/media?parent=415"}],"curies":[{"name":"wp","href":"https:\/\/api.w.org\/{rel}","templated":true}]}}